{"id":52,"date":"2019-07-06T09:53:17","date_gmt":"2019-07-06T06:53:17","guid":{"rendered":"http:\/\/sackaynakmerkezi.net\/?page_id=52"},"modified":"2019-08-31T14:53:10","modified_gmt":"2019-08-31T11:53:10","slug":"mikro-bant-sac-kaynak","status":"publish","type":"page","link":"http:\/\/sackaynakmerkezi.net\/index.php\/mikro-bant-sac-kaynak\/","title":{"rendered":"Mikro Bant Sa\u00e7 Kaynak"},"content":{"rendered":"\n<div class=\"wp-block-image\"><figure class=\"aligncenter\"><img loading=\"lazy\" decoding=\"async\" width=\"960\" height=\"720\" src=\"http:\/\/sackaynakmerkezi.net\/wp-content\/uploads\/2019\/07\/34782289_444647889341077_860338621482270720_n.jpg\" alt=\"\" class=\"wp-image-53\" srcset=\"http:\/\/sackaynakmerkezi.net\/wp-content\/uploads\/2019\/07\/34782289_444647889341077_860338621482270720_n.jpg 960w, http:\/\/sackaynakmerkezi.net\/wp-content\/uploads\/2019\/07\/34782289_444647889341077_860338621482270720_n-300x225.jpg 300w, http:\/\/sackaynakmerkezi.net\/wp-content\/uploads\/2019\/07\/34782289_444647889341077_860338621482270720_n-768x576.jpg 768w\" sizes=\"auto, (max-width: 960px) 100vw, 960px\" \/><figcaption>Mikro-bant-sa\u00e7-kaynak<\/figcaption><\/figure><\/div>\n\n\n\n<p>Sistem : Mikro Bant Sa\u00e7 Kaynak Tape Hair extensions Sa\u00e7 Kaynak Sistemi<br>\u015eimdi size Antalya dan gelen m\u00fc\u015fterimiz Natalia han\u0131mdan bahsedece\u011fiz.<br>Sadece sa\u00e7 kaynak i\u015flemi yapt\u0131rmak i\u00e7in Antalya dan \u0130stanbul a sa\u00e7 kaynak merkezimize geldiler.<br>Gelmelerindeki en \u00f6nemli sebep ; kendisi Rusya da farkl\u0131 bir teknikle sa\u00e7 kayna\u011f\u0131 yapt\u0131rm\u0131\u015f ve bunu tekrar uygulatacak T\u00fcrkiye de bir ki\u015fi  bulamam\u0131\u015f.<\/p>\n\n\n\n<p>Uygulatm\u0131\u015f oldu\u011fu Sa\u00e7 Kayna\u011f\u0131 sistemi : Mikro bant Sa\u00e7 Kaynak Tekni\u011fi<br>Yaln\u0131z bu biraz daha incesi ve ince telli sa\u00e7lar i\u00e7in en do\u011fru en sa\u011fl\u0131kl\u0131 sa\u00e7 kaynak sistemidir.<br>Kendi sa\u00e7lar\u0131 k\u0131sa olmas\u0131na ra\u011fmen ( kulak hizas\u0131nda ) , hi\u00e7bir \u015fekilde belli olmuyor ve kullan\u0131m\u0131 da rahat. Asl\u0131nda bu sistem Avrupa da \u00e7ok yayg\u0131n ve bilinen bir sistem.<br>Sa\u00e7 kaynak uygulama s\u00fcresi : 2 saat ( ortalama bir sa\u00e7 i\u00e7in )<\/p>\n\n\n\n<p>\u00c7\u0131karma i\u015flemi : Kendi \u00f6zel \u00e7\u0131kar\u0131c\u0131 sol\u00fcsyonu ile sa\u00e7tan rahatl\u0131kla \u00e7\u0131kabilir.<br>Kullan\u0131m s\u00fcresi : Toplamda 6 Hafta yap\u0131\u015ft\u0131r\u0131c\u0131lar\u0131n s\u00fcresi var. Zaten bu y\u00fczden en sa\u011fl\u0131kl\u0131 sistemi diyebiliriz. Sa\u00e7tan kolayca \u00e7\u00f6z\u00fcl\u00fcr, \u00e7\u0131kar\u0131l\u0131rken de zarar vermez.<br>Sa\u00e7 Kaynak Fiyatlar\u0131 : Sa\u00e7\u0131n uzunlu\u011funa, rengine, g\u00fcrl\u00fc\u011f\u00fcne g\u00f6re de\u011fi\u015fir, bunun i\u00e7in l\u00fctfen aray\u0131n\u0131z.<\/p>\n\n\n\n<p>Sadece daha maliyetli ve zahmetli bir i\u015f oldu\u011fu i\u00e7in T\u00fcrkiye ye pek getirilmemi\u015f.<br>Sach sa\u00e7 kaynak merkezi olarak buna da ilk ad\u0131m\u0131 biz att\u0131k.<\/p>\n\n\n\n<p>Sa\u00e7lar\u0131na \u00f6nem veren, sa\u00e7 sa\u011fl\u0131\u011f\u0131n\u0131 d\u00fc\u015f\u00fcnen ama ayn\u0131 zamanda sa\u00e7lar\u0131n\u0131 uzatmak isteyen bayanlar i\u00e7in ideal sa\u00e7 kaynak sistemi art\u0131k T\u00fcrkiye de.<br>Sa\u00e7 kaynak fiyatlar\u0131 i\u00e7in 444 3 671 numaral\u0131 \u00c7a\u011fr\u0131 Merkezimizi arayabilir, uzmanlar\u0131m\u0131zla daha detayl\u0131 bir \u015fekilde g\u00f6r\u00fc\u015febilirsiniz.<\/p>\n\n\n\n<p>Sach sa\u00e7 kaynak merkezi \u0130stanbul<br>Sa\u00e7 Kaynak Uzmanlar\u0131 : Murat Koluk\u0131r\u0131k &amp; Berat Koluk\u0131r\u0131k<\/p>\n","protected":false},"excerpt":{"rendered":"<p>Sistem : Mikro Bant Sa\u00e7 Kaynak Tape Hair extensions Sa\u00e7 Kaynak Sistemi\u015eimdi size Antalya dan gelen m\u00fc\u015fterimiz Natalia han\u0131mdan bahsedece\u011fiz.Sadece sa\u00e7 kaynak i\u015flemi yapt\u0131rmak i\u00e7in Antalya dan \u0130stanbul a sa\u00e7 kaynak merkezimize geldiler.Gelmelerindeki en \u00f6nemli sebep ; kendisi Rusya da farkl\u0131 bir teknikle sa\u00e7 kayna\u011f\u0131 yapt\u0131rm\u0131\u015f ve<\/p>\n","protected":false},"author":1,"featured_media":0,"parent":0,"menu_order":0,"comment_status":"closed","ping_status":"closed","template":"","meta":{"footnotes":""},"tags":[6,26,28,27,33,31,32,30,5,29,14,20,12,11,21,4,10,3],"class_list":["post-52","page","type-page","status-publish","hentry","tag-0-gercek-insan-saci-kaynak","tag-bant-kaynak","tag-bant-sac-kaynagi","tag-bant-sac-kaynak","tag-kelebek-bant-kaynak","tag-kelebek-bant-sac-kaynak","tag-kelebek-kaynak","tag-kelebek-sac-kaynak","tag-kisa-saca-kaynak","tag-mikro-bant-sac-kaynak","tag-mikro-kapsul-sac-kaynak","tag-mikro-kaynak","tag-mikro-sac-kaynak","tag-sac-gurlestirme","tag-sac-kaynak-istanbul","tag-sac-kaynak-merkezi","tag-sac-uzatma","tag-sach"],"aioseo_notices":[],"_links":{"self":[{"href":"http:\/\/sackaynakmerkezi.net\/index.php\/wp-json\/wp\/v2\/pages\/52","targetHints":{"allow":["GET"]}}],"collection":[{"href":"http:\/\/sackaynakmerkezi.net\/index.php\/wp-json\/wp\/v2\/pages"}],"about":[{"href":"http:\/\/sackaynakmerkezi.net\/index.php\/wp-json\/wp\/v2\/types\/page"}],"author":[{"embeddable":true,"href":"http:\/\/sackaynakmerkezi.net\/index.php\/wp-json\/wp\/v2\/users\/1"}],"replies":[{"embeddable":true,"href":"http:\/\/sackaynakmerkezi.net\/index.php\/wp-json\/wp\/v2\/comments?post=52"}],"version-history":[{"count":2,"href":"http:\/\/sackaynakmerkezi.net\/index.php\/wp-json\/wp\/v2\/pages\/52\/revisions"}],"predecessor-version":[{"id":92,"href":"http:\/\/sackaynakmerkezi.net\/index.php\/wp-json\/wp\/v2\/pages\/52\/revisions\/92"}],"wp:attachment":[{"href":"http:\/\/sackaynakmerkezi.net\/index.php\/wp-json\/wp\/v2\/media?parent=52"}],"wp:term":[{"taxonomy":"post_tag","embeddable":true,"href":"http:\/\/sackaynakmerkezi.net\/index.php\/wp-json\/wp\/v2\/tags?post=52"}],"curies":[{"name":"wp","href":"https:\/\/api.w.org\/{rel}","templated":true}]}}