{"id":133,"date":"2022-03-31T12:31:38","date_gmt":"2022-03-31T09:31:38","guid":{"rendered":"http:\/\/sackaynakmerkezi.net\/?page_id=133"},"modified":"2022-03-31T12:32:08","modified_gmt":"2022-03-31T09:32:08","slug":"naturel-renk-kivircik-sac-kaynak-modeli","status":"publish","type":"page","link":"http:\/\/sackaynakmerkezi.net\/index.php\/naturel-renk-kivircik-sac-kaynak-modeli\/","title":{"rendered":"Nat\u00fcrel Renk K\u0131v\u0131rc\u0131k Sa\u00e7 Kaynak Modeli"},"content":{"rendered":"\n<figure class=\"wp-block-image size-large\"><img loading=\"lazy\" decoding=\"async\" width=\"1024\" height=\"379\" src=\"http:\/\/sackaynakmerkezi.net\/wp-content\/uploads\/2022\/03\/bant-sac-kaynak-modelleri-1-1024x379.jpg\" alt=\"K\u0131v\u0131rc\u0131k Sa\u00e7 Kaynak Modeli\" class=\"wp-image-135\" srcset=\"http:\/\/sackaynakmerkezi.net\/wp-content\/uploads\/2022\/03\/bant-sac-kaynak-modelleri-1-1024x379.jpg 1024w, http:\/\/sackaynakmerkezi.net\/wp-content\/uploads\/2022\/03\/bant-sac-kaynak-modelleri-1-300x111.jpg 300w, http:\/\/sackaynakmerkezi.net\/wp-content\/uploads\/2022\/03\/bant-sac-kaynak-modelleri-1-768x284.jpg 768w, http:\/\/sackaynakmerkezi.net\/wp-content\/uploads\/2022\/03\/bant-sac-kaynak-modelleri-1-1536x569.jpg 1536w, http:\/\/sackaynakmerkezi.net\/wp-content\/uploads\/2022\/03\/bant-sac-kaynak-modelleri-1-2048x758.jpg 2048w\" sizes=\"auto, (max-width: 1024px) 100vw, 1024px\" \/><figcaption>K\u0131v\u0131rc\u0131k Sa\u00e7 Kaynak Modeli<\/figcaption><\/figure>\n\n\n\n<p>\u0130lk modelimizi bir \u00f6nceki yaz\u0131m\u0131zda payla\u015fm\u0131\u015ft\u0131k. \u015eimdi de ikinci modelimizin Nat\u00fcrel Renk K\u0131v\u0131rc\u0131k Sa\u00e7 Kaynak Modeli \u00f6ncesi ve sonras\u0131 sa\u00e7 kaynak uygulamas\u0131n\u0131 ve hikayesini payla\u015fmak istiyoruz . \u0130lk modelimizde ombreli ve a\u00e7\u0131k tonlarda boyal\u0131 , d\u00fcz bir sa\u00e7 tercih etmi\u015ftik \u015fimdi ise farkl\u0131 bir de\u011fi\u015fimin daha g\u00fc\u00e7l\u00fc olmas\u0131 i\u00e7in \u00e7ok k\u0131sa sa\u00e7l\u0131 bir model se\u00e7tik .<\/p>\n\n\n\n<p>\u00d6ncelikle yeni sezon renklerini tan\u0131tmak i\u00e7in ba\u015flad\u0131\u011f\u0131m\u0131z 2022 \u00e7ekimleri i\u00e7in sa\u00e7 kaynak y\u00f6ntemi olarak da Bant sa\u00e7 kaynak uygulamas\u0131n\u0131 se\u00e7tik.<br>Modelimizin before halinden ve videolar\u0131ndan da g\u00f6rece\u011finiz \u00fczere \u00f6zellikle sa\u00e7\u0131n sa\u011f ve sol b\u00f6l\u00fcmleri baya bi k\u0131sayd\u0131 . Renk olarak koyu kahve tonlar\u0131ndayd\u0131 . Bahar sezonunun da gelmesiyle k\u0131v\u0131rc\u0131k kahk\u00fcl ve kaynak sa\u00e7lara \u00e7ok fazla talep gelmeye ba\u015flad\u0131 . Biz de bu modelde k\u0131v\u0131rc\u0131k sa\u00e7 kullanmak istedik .Harika bir de\u011fi\u015fim oldu.<\/p>\n\n\n\n<p>Ayr\u0131ca itiraf etmemiz gerekir ki daha \u00f6nce bu tarz k\u0131sa sa\u00e7lara <a href=\"http:\/\/sackaynakmerkezi.net\/index.php\/mikro-sac-kaynak\/\">Mikro kaynak<\/a> uygulamas\u0131 yap\u0131yorduk. Fakat bu yan b\u00f6l\u00fcmler i\u00e7in haz\u0131rlanan kelebek bant kaynaklar sayesinde oradaki k\u0131sa sa\u00e7larda \u00e7ok g\u00fczel bir \u015fekilde kapand\u0131 .<\/p>\n\n\n\n<p>Kelebek bantlar\u0131 telefonda bize soran \u00e7o\u011fu dan\u0131\u015fan\u0131m\u0131za art\u0131k bu videolar\u0131 yollayarak anlataca\u011f\u0131z. Aradaki fark\u0131 siz de g\u00f6receksiniz. <\/p>\n\n\n\n<figure class=\"wp-block-gallery aligncenter has-nested-images columns-default is-cropped wp-block-gallery-1 is-layout-flex wp-block-gallery-is-layout-flex\">\n<figure class=\"wp-block-image size-large is-style-rounded\"><img loading=\"lazy\" decoding=\"async\" width=\"682\" height=\"1024\" data-id=\"137\" src=\"http:\/\/sackaynakmerkezi.net\/wp-content\/uploads\/2022\/03\/kisa-saca-kaynak-uygulamasi-2-682x1024.jpg\" alt=\"k\u0131sa-sa\u00e7a-kaynak-uygulamas\u0131\" class=\"wp-image-137\" srcset=\"http:\/\/sackaynakmerkezi.net\/wp-content\/uploads\/2022\/03\/kisa-saca-kaynak-uygulamasi-2-682x1024.jpg 682w, http:\/\/sackaynakmerkezi.net\/wp-content\/uploads\/2022\/03\/kisa-saca-kaynak-uygulamasi-2-200x300.jpg 200w, http:\/\/sackaynakmerkezi.net\/wp-content\/uploads\/2022\/03\/kisa-saca-kaynak-uygulamasi-2-768x1153.jpg 768w, http:\/\/sackaynakmerkezi.net\/wp-content\/uploads\/2022\/03\/kisa-saca-kaynak-uygulamasi-2-1023x1536.jpg 1023w, http:\/\/sackaynakmerkezi.net\/wp-content\/uploads\/2022\/03\/kisa-saca-kaynak-uygulamasi-2.jpg 1066w\" sizes=\"auto, (max-width: 682px) 100vw, 682px\" \/><figcaption>k\u0131sa-sa\u00e7a-kaynak-uygulamas\u0131<\/figcaption><\/figure>\n\n\n\n<figure class=\"wp-block-image size-large is-style-rounded\"><img loading=\"lazy\" decoding=\"async\" width=\"682\" height=\"1024\" data-id=\"138\" src=\"http:\/\/sackaynakmerkezi.net\/wp-content\/uploads\/2022\/03\/kisa-saca-kaynak-682x1024.jpg\" alt=\"k\u0131sa-sa\u00e7a-kaynak\" class=\"wp-image-138\" srcset=\"http:\/\/sackaynakmerkezi.net\/wp-content\/uploads\/2022\/03\/kisa-saca-kaynak-682x1024.jpg 682w, http:\/\/sackaynakmerkezi.net\/wp-content\/uploads\/2022\/03\/kisa-saca-kaynak-200x300.jpg 200w, http:\/\/sackaynakmerkezi.net\/wp-content\/uploads\/2022\/03\/kisa-saca-kaynak-768x1153.jpg 768w, http:\/\/sackaynakmerkezi.net\/wp-content\/uploads\/2022\/03\/kisa-saca-kaynak-1023x1536.jpg 1023w, http:\/\/sackaynakmerkezi.net\/wp-content\/uploads\/2022\/03\/kisa-saca-kaynak.jpg 1066w\" sizes=\"auto, (max-width: 682px) 100vw, 682px\" \/><figcaption>k\u0131sa-sa\u00e7a-kaynak<\/figcaption><\/figure>\n\n\n\n<figure class=\"wp-block-image size-large is-style-rounded\"><img loading=\"lazy\" decoding=\"async\" width=\"682\" height=\"1024\" data-id=\"136\" src=\"http:\/\/sackaynakmerkezi.net\/wp-content\/uploads\/2022\/03\/kisa-saca-kaynak-1a-682x1024.jpg\" alt=\"k\u0131sa-sa\u00e7a-kaynak\" class=\"wp-image-136\" srcset=\"http:\/\/sackaynakmerkezi.net\/wp-content\/uploads\/2022\/03\/kisa-saca-kaynak-1a-682x1024.jpg 682w, http:\/\/sackaynakmerkezi.net\/wp-content\/uploads\/2022\/03\/kisa-saca-kaynak-1a-200x300.jpg 200w, http:\/\/sackaynakmerkezi.net\/wp-content\/uploads\/2022\/03\/kisa-saca-kaynak-1a-768x1153.jpg 768w, http:\/\/sackaynakmerkezi.net\/wp-content\/uploads\/2022\/03\/kisa-saca-kaynak-1a-1023x1536.jpg 1023w, http:\/\/sackaynakmerkezi.net\/wp-content\/uploads\/2022\/03\/kisa-saca-kaynak-1a.jpg 1066w\" sizes=\"auto, (max-width: 682px) 100vw, 682px\" \/><figcaption>k\u0131sa-sa\u00e7a-kaynak<\/figcaption><\/figure>\n<\/figure>\n\n\n\n<figure class=\"wp-block-embed aligncenter is-type-video is-provider-youtube wp-block-embed-youtube wp-embed-aspect-16-9 wp-has-aspect-ratio\"><div class=\"wp-block-embed__wrapper\">\nhttps:\/\/www.youtube.com\/watch?v=xuy1J1mGgqM&#038;t=2s\n<\/div><figcaption>K\u0131sa Sa\u00e7a Kelebek Bant Sa\u00e7 Kaynak Uygulamas\u0131<\/figcaption><\/figure>\n\n\n\n<p>G\u00fcncel kuaf\u00f6rler i\u00e7in haz\u0131rlanan sa\u00e7lar\u0131 , renkleri , \u00f6zelliklerini ve yapm\u0131\u015f oldu\u011fumuz bant kaynak uygulamalar\u0131 i\u00e7in bizi sosyal medya dan takip etmeyi unutmay\u0131n .<\/p>\n\n\n\n<p>\u0130nstagram : <a href=\"https:\/\/www.instagram.com\/sackaynak\/\" target=\"_blank\" rel=\"noreferrer noopener\">@sackaynak<\/a><br>Facebook : <a href=\"https:\/\/tr-tr.facebook.com\/sach.sac.kaynak.merkezi\/\" target=\"_blank\" rel=\"noreferrer noopener\">SACH Sa\u00e7 Kaynak Merkezi<\/a><br>Detayl\u0131 bilgi ve Randevu i\u00e7in : \u0130stanbul \u2013 Florya<br>Whatsapp Dan\u0131\u015fma Hatt\u0131m\u0131z : +9 05325928842<\/p>\n","protected":false},"excerpt":{"rendered":"<p>\u0130lk modelimizi bir \u00f6nceki yaz\u0131m\u0131zda payla\u015fm\u0131\u015ft\u0131k. \u015eimdi de ikinci modelimizin Nat\u00fcrel Renk K\u0131v\u0131rc\u0131k Sa\u00e7 Kaynak Modeli \u00f6ncesi ve sonras\u0131 sa\u00e7 kaynak uygulamas\u0131n\u0131 ve hikayesini payla\u015fmak istiyoruz . \u0130lk modelimizde ombreli ve a\u00e7\u0131k tonlarda boyal\u0131 , d\u00fcz bir sa\u00e7 tercih etmi\u015ftik \u015fimdi ise farkl\u0131 bir de\u011fi\u015fimin daha g\u00fc\u00e7l\u00fc<\/p>\n","protected":false},"author":1,"featured_media":0,"parent":0,"menu_order":0,"comment_status":"closed","ping_status":"closed","template":"","meta":{"footnotes":""},"tags":[26,58,54,56,55,59,33,5,4,57,53],"class_list":["post-133","page","type-page","status-publish","hentry","tag-bant-kaynak","tag-bant-kaynak-fiyatlari","tag-best-hair-extensions-istanbul","tag-hair-extension-factory-in-turkey","tag-hair-extensions-istanbul-taksim","tag-hair-extensions-salon-istanbul","tag-kelebek-bant-kaynak","tag-kisa-saca-kaynak","tag-sac-kaynak-merkezi","tag-tape-in-istanbul","tag-weft-kaynak"],"aioseo_notices":[],"_links":{"self":[{"href":"http:\/\/sackaynakmerkezi.net\/index.php\/wp-json\/wp\/v2\/pages\/133","targetHints":{"allow":["GET"]}}],"collection":[{"href":"http:\/\/sackaynakmerkezi.net\/index.php\/wp-json\/wp\/v2\/pages"}],"about":[{"href":"http:\/\/sackaynakmerkezi.net\/index.php\/wp-json\/wp\/v2\/types\/page"}],"author":[{"embeddable":true,"href":"http:\/\/sackaynakmerkezi.net\/index.php\/wp-json\/wp\/v2\/users\/1"}],"replies":[{"embeddable":true,"href":"http:\/\/sackaynakmerkezi.net\/index.php\/wp-json\/wp\/v2\/comments?post=133"}],"version-history":[{"count":1,"href":"http:\/\/sackaynakmerkezi.net\/index.php\/wp-json\/wp\/v2\/pages\/133\/revisions"}],"predecessor-version":[{"id":140,"href":"http:\/\/sackaynakmerkezi.net\/index.php\/wp-json\/wp\/v2\/pages\/133\/revisions\/140"}],"wp:attachment":[{"href":"http:\/\/sackaynakmerkezi.net\/index.php\/wp-json\/wp\/v2\/media?parent=133"}],"wp:term":[{"taxonomy":"post_tag","embeddable":true,"href":"http:\/\/sackaynakmerkezi.net\/index.php\/wp-json\/wp\/v2\/tags?post=133"}],"curies":[{"name":"wp","href":"https:\/\/api.w.org\/{rel}","templated":true}]}}

Natürel Renk Kıvırcık Saç Kaynak Modeli

<figure class="wp-block-image size-large"><img loading="lazy" decoding="async" width="1024" height="379" src="http://sackaynakmerkezi.net/wp-content/uploads/2022/03/bant-sac-kaynak-modelleri-1-1024x379.jpg" alt="Kıvırcık Saç Kaynak Modeli" class="wp-image-135" srcset="http://sackaynakmerkezi.net/wp-content/uploads/2022/03/bant-sac-kaynak-modelleri-1-1024x379.jpg 1024w, http://sackaynakmerkezi.net/wp-content/uploads/2022/03/bant-sac-kaynak-modelleri-1-300x111.jpg 300w, http://sackaynakmerkezi.net/wp-content/uploads/2022/03/bant-sac-kaynak-modelleri-1-768x284.jpg 768w, http://sackaynakmerkezi.net/wp-content/uploads/2022/03/bant-sac-kaynak-modelleri-1-1536x569.jpg 1536w, http://sackaynakmerkezi.net/wp-content/uploads/2022/03/bant-sac-kaynak-modelleri-1-2048x758.jpg 2048w" sizes="auto, (max-width: 1024px) 100vw, 1024px" /><figcaption>Kıvırcık Saç Kaynak Modeli</figcaption></figure>



<p>İlk modelimizi bir önceki yazımızda paylaşmıştık. Şimdi de ikinci modelimizin Natürel Renk Kıvırcık Saç Kaynak Modeli öncesi ve sonrası saç kaynak uygulamasını ve hikayesini paylaşmak istiyoruz . İlk modelimizde ombreli ve açık tonlarda boyalı , düz bir saç tercih etmiştik şimdi ise farklı bir değişimin daha güçlü olması için çok kısa saçlı bir model seçtik .</p>



<p>Öncelikle yeni sezon renklerini tanıtmak için başladığımız 2022 çekimleri için saç kaynak yöntemi olarak da Bant saç kaynak uygulamasını seçtik.<br>Modelimizin before halinden ve videolarından da göreceğiniz üzere özellikle saçın sağ ve sol bölümleri baya bi kısaydı . Renk olarak koyu kahve tonlarındaydı . Bahar sezonunun da gelmesiyle kıvırcık kahkül ve kaynak saçlara çok fazla talep gelmeye başladı . Biz de bu modelde kıvırcık saç kullanmak istedik .Harika bir değişim oldu.</p>



<p>Ayrıca itiraf etmemiz gerekir ki daha önce bu tarz kısa saçlara <a href="http://sackaynakmerkezi.net/index.php/mikro-sac-kaynak/">Mikro kaynak</a> uygulaması yapıyorduk. Fakat bu yan bölümler için hazırlanan kelebek bant kaynaklar sayesinde oradaki kısa saçlarda çok güzel bir şekilde kapandı .</p>



<p>Kelebek bantları telefonda bize soran çoğu danışanımıza artık bu videoları yollayarak anlatacağız. Aradaki farkı siz de göreceksiniz. </p>



<figure class="wp-block-gallery aligncenter has-nested-images columns-default is-cropped wp-block-gallery-1 is-layout-flex wp-block-gallery-is-layout-flex">
<figure class="wp-block-image size-large is-style-rounded"><img loading="lazy" decoding="async" width="682" height="1024" data-id="137" src="http://sackaynakmerkezi.net/wp-content/uploads/2022/03/kisa-saca-kaynak-uygulamasi-2-682x1024.jpg" alt="kısa-saça-kaynak-uygulaması" class="wp-image-137" srcset="http://sackaynakmerkezi.net/wp-content/uploads/2022/03/kisa-saca-kaynak-uygulamasi-2-682x1024.jpg 682w, http://sackaynakmerkezi.net/wp-content/uploads/2022/03/kisa-saca-kaynak-uygulamasi-2-200x300.jpg 200w, http://sackaynakmerkezi.net/wp-content/uploads/2022/03/kisa-saca-kaynak-uygulamasi-2-768x1153.jpg 768w, http://sackaynakmerkezi.net/wp-content/uploads/2022/03/kisa-saca-kaynak-uygulamasi-2-1023x1536.jpg 1023w, http://sackaynakmerkezi.net/wp-content/uploads/2022/03/kisa-saca-kaynak-uygulamasi-2.jpg 1066w" sizes="auto, (max-width: 682px) 100vw, 682px" /><figcaption>kısa-saça-kaynak-uygulaması</figcaption></figure>



<figure class="wp-block-image size-large is-style-rounded"><img loading="lazy" decoding="async" width="682" height="1024" data-id="138" src="http://sackaynakmerkezi.net/wp-content/uploads/2022/03/kisa-saca-kaynak-682x1024.jpg" alt="kısa-saça-kaynak" class="wp-image-138" srcset="http://sackaynakmerkezi.net/wp-content/uploads/2022/03/kisa-saca-kaynak-682x1024.jpg 682w, http://sackaynakmerkezi.net/wp-content/uploads/2022/03/kisa-saca-kaynak-200x300.jpg 200w, http://sackaynakmerkezi.net/wp-content/uploads/2022/03/kisa-saca-kaynak-768x1153.jpg 768w, http://sackaynakmerkezi.net/wp-content/uploads/2022/03/kisa-saca-kaynak-1023x1536.jpg 1023w, http://sackaynakmerkezi.net/wp-content/uploads/2022/03/kisa-saca-kaynak.jpg 1066w" sizes="auto, (max-width: 682px) 100vw, 682px" /><figcaption>kısa-saça-kaynak</figcaption></figure>



<figure class="wp-block-image size-large is-style-rounded"><img loading="lazy" decoding="async" width="682" height="1024" data-id="136" src="http://sackaynakmerkezi.net/wp-content/uploads/2022/03/kisa-saca-kaynak-1a-682x1024.jpg" alt="kısa-saça-kaynak" class="wp-image-136" srcset="http://sackaynakmerkezi.net/wp-content/uploads/2022/03/kisa-saca-kaynak-1a-682x1024.jpg 682w, http://sackaynakmerkezi.net/wp-content/uploads/2022/03/kisa-saca-kaynak-1a-200x300.jpg 200w, http://sackaynakmerkezi.net/wp-content/uploads/2022/03/kisa-saca-kaynak-1a-768x1153.jpg 768w, http://sackaynakmerkezi.net/wp-content/uploads/2022/03/kisa-saca-kaynak-1a-1023x1536.jpg 1023w, http://sackaynakmerkezi.net/wp-content/uploads/2022/03/kisa-saca-kaynak-1a.jpg 1066w" sizes="auto, (max-width: 682px) 100vw, 682px" /><figcaption>kısa-saça-kaynak</figcaption></figure>
</figure>



<figure class="wp-block-embed aligncenter is-type-video is-provider-youtube wp-block-embed-youtube wp-embed-aspect-16-9 wp-has-aspect-ratio"><div class="wp-block-embed__wrapper">
https://www.youtube.com/watch?v=xuy1J1mGgqM&#038;t=2s
</div><figcaption>Kısa Saça Kelebek Bant Saç Kaynak Uygulaması</figcaption></figure>



<p>Güncel kuaförler için hazırlanan saçları , renkleri , özelliklerini ve yapmış olduğumuz bant kaynak uygulamaları için bizi sosyal medya dan takip etmeyi unutmayın .</p>



<p>İnstagram : <a href="https://www.instagram.com/sackaynak/" target="_blank" rel="noreferrer noopener">@sackaynak</a><br>Facebook : <a href="https://tr-tr.facebook.com/sach.sac.kaynak.merkezi/" target="_blank" rel="noreferrer noopener">SACH Saç Kaynak Merkezi</a><br>Detaylı bilgi ve Randevu için : İstanbul – Florya<br>Whatsapp Danışma Hattımız : +9 05325928842</p>

<p>İlk modelimizi bir önceki yazımızda paylaşmıştık. Şimdi de ikinci modelimizin Natürel Renk Kıvırcık Saç Kaynak Modeli öncesi ve sonrası saç kaynak uygulamasını ve hikayesini paylaşmak istiyoruz . İlk modelimizde ombreli ve açık tonlarda boyalı , düz bir saç tercih etmiştik şimdi ise farklı bir değişimin daha güçlü</p>
